{"id":326,"date":"2026-02-07T18:16:29","date_gmt":"2026-02-07T17:16:29","guid":{"rendered":"http:\/\/andreasguldner.de\/?page_id=326"},"modified":"2026-02-07T18:16:29","modified_gmt":"2026-02-07T17:16:29","slug":"wahl-2026","status":"publish","type":"page","link":"http:\/\/andreasguldner.de\/?page_id=326","title":{"rendered":"Wahl 2026"},"content":{"rendered":"\n<h2 class=\"wp-block-heading\">Fr\u00fchjahr 2026 wird wieder f\u00fcr 6 Jahre gew\u00e4hlt wer in Stadt und Landkreis Teil des &#8222;Rateteams&#8220; sein darf.<\/h2>\n\n\n\n<p><\/p>\n\n\n\n<p>So langsam ver\u00e4ndert sich das mitmachen, dauert die Suche nach Mandatswilligen l\u00e4nger. Manche Orte bekommen so gerade noch zumindest 1 Person f\u00fcr B\u00fcrgermeister\/OB und entkommen den Problemen vieler Vereine knapp. F\u00fcr die R\u00e4te braucht man in kleinen Gemeinden und Verwaltungsgemeinschaften ein oder zwei dutzend Leute und hier in der gro\u00dfen Kreisstadt schrammten die politischen Gruppierungen und Parteien an der &#8222;magischen&#8220; Grenze ( 30.000 EW ) zum letzten mal vorbei , es reichen 30 Namen. Zuk\u00fcnftig ist mit 40 zu rechnen. Zwar nicht &#8222;ali baba und die vierzig r\u00e4uber&#8220; aber &#8230; es suchen ja eine Handvoll Listen-bauende nach willigen Kandidaten und das multipliziert den n\u00f6tigen Kreis an Mitb\u00fcrgern. Hier traten oft 6-8 Listen an, auch ein aufstellen &#8222;unvollst\u00e4ndiger&#8220; Listen mit weniger als 40 Bewerbern d\u00fcrfte die Menge an w\u00e4hlbaren Personen um die Pl\u00e4tze zu f\u00fcllen nie senken sondern erh\u00f6hen.  3-4 werden bestimmt ein volles Portfolio bieten wollen, 120-160 B\u00fcrger !  hinzu k\u00e4men kleinere Wahlvorschl\u00e4ge die meist mehr als 10 Personen haben. Insgesamt wohl so 200 w\u00e4hlbare Landsberger .   <\/p>\n\n\n\n<h2 class=\"wp-block-heading\">Was beschreibt den Kreis der m\u00f6glichen Ratsmitglieder ?<\/h2>\n\n\n\n<p>Vorraussetzungen sind festgelegt und f\u00fcr alle gleich. Wer w\u00e4hlbar ist darf antreten und diese Gruppe ist kleiner als die Gesamtbev\u00f6lkerung. Also keine 30.000 zum anwerben bei 30.000 Einwohnern. Selbstverst\u00e4ndlich wird nicht zwangsrekrutiert daher sinkt die Menge auf die Gruppe der freiwillig bewerbungswilligen. Man hat bei 20.000 Wahlberechtigten wahrscheinlich nur eine dreistellige Zahl , optimistisch betrachtet , die \u00fcberhaupt auf einer Kandidatenliste auftauchen will. <\/p>\n\n\n\n<p>Ein Punkt der nirgends steht und trotzdem wichtig ist: Zeit.  Die t\u00e4tigkeit kostet Zeit. Sie ist keine feste Anstellung mit geregelten Zeiten. Sitzungen k\u00f6nnen durch zutun l\u00e4nger werden, unterschiedliche L\u00e4ngen aufweisen durch die Zahl der Tagesordnungspunkte und den Diskussionsbedarf.  Bereit sein ist w\u00fcnschenswert, das wollen. Fragt sich jeder vorher ob er\/sie an den \u00fcblichen Tagen Zeit hat ? Ist man sich bewusst das f\u00fcr die W\u00e4hler ein &#8222;sich zur Wahl stellen&#8220; eine Aufgabe f\u00fcr 6 Jahre ausl\u00f6sen kann und ein probieren und fr\u00fches abspringen nicht unbedingt die Erwartungen derer erf\u00fcllt die man zum ankreuzen aufgefordert hat ?<\/p>\n\n\n\n<p>Ja man kann ablehnen. Ja man kann aussteigen. Man kann sogar eher wenig aussichtsreiche Pl\u00e4tze belegen und der Krug mit dem Mandat geht relativ sicher an einem vorbei.<\/p>\n\n\n\n<p><\/p>\n","protected":false},"excerpt":{"rendered":"<p>Fr\u00fchjahr 2026 wird wieder f\u00fcr 6 Jahre gew\u00e4hlt wer in Stadt und Landkreis Teil des &#8222;Rateteams&#8220; sein darf. So langsam ver\u00e4ndert sich das mitmachen, dauert die Suche nach Mandatswilligen l\u00e4nger. Manche Orte bekommen so gerade noch zumindest 1 Person f\u00fcr B\u00fcrgermeister\/OB und entkommen den Problemen vieler Vereine knapp. F\u00fcr die R\u00e4te braucht man in kleinen &hellip; <a href=\"http:\/\/andreasguldner.de\/?page_id=326\" class=\"more-link\"><span class=\"screen-reader-text\">Wahl 2026<\/span> weiterlesen <span class=\"meta-nav\">&rarr;<\/span><\/a><\/p>\n","protected":false},"author":1,"featured_media":0,"parent":0,"menu_order":0,"comment_status":"closed","ping_status":"closed","template":"","meta":{"footnotes":""},"class_list":["post-326","page","type-page","status-publish","hentry"],"_links":{"self":[{"href":"http:\/\/andreasguldner.de\/index.php?rest_route=\/wp\/v2\/pages\/326","targetHints":{"allow":["GET"]}}],"collection":[{"href":"http:\/\/andreasguldner.de\/index.php?rest_route=\/wp\/v2\/pages"}],"about":[{"href":"http:\/\/andreasguldner.de\/index.php?rest_route=\/wp\/v2\/types\/page"}],"author":[{"embeddable":true,"href":"http:\/\/andreasguldner.de\/index.php?rest_route=\/wp\/v2\/users\/1"}],"replies":[{"embeddable":true,"href":"http:\/\/andreasguldner.de\/index.php?rest_route=%2Fwp%2Fv2%2Fcomments&post=326"}],"version-history":[{"count":1,"href":"http:\/\/andreasguldner.de\/index.php?rest_route=\/wp\/v2\/pages\/326\/revisions"}],"predecessor-version":[{"id":328,"href":"http:\/\/andreasguldner.de\/index.php?rest_route=\/wp\/v2\/pages\/326\/revisions\/328"}],"wp:attachment":[{"href":"http:\/\/andreasguldner.de\/index.php?rest_route=%2Fwp%2Fv2%2Fmedia&parent=326"}],"curies":[{"name":"wp","href":"https:\/\/api.w.org\/{rel}","templated":true}]}}